{"id":119,"date":"2026-01-18T18:22:48","date_gmt":"2026-01-18T17:22:48","guid":{"rendered":"https:\/\/psychologtradingu.pl\/?page_id=119"},"modified":"2026-02-01T17:15:36","modified_gmt":"2026-02-01T16:15:36","slug":"cennik","status":"publish","type":"page","link":"https:\/\/psychologtradingu.pl\/?page_id=119","title":{"rendered":"CENNIK"},"content":{"rendered":"\n<p class=\"has-text-align-center has-medium-font-size\"><strong>Konsultacja psychologiczna online &#8211; czas trwania sesji &#8211; 60 minut &#8211; koszt 250 z\u0142<\/strong><\/p>\n\n\n\n<p class=\"has-text-align-center\">Wi\u0119cej na temat cen us\u0142ug znajdziesz <a href=\"https:\/\/zentrading.pl\/cennik\/\">tutaj<\/a>.<\/p>\n\n\n\n<div class=\"wp-block-buttons is-content-justification-center is-layout-flex wp-container-core-buttons-is-layout-a89b3969 wp-block-buttons-is-layout-flex\">\n<div class=\"wp-block-button\"><a class=\"wp-block-button__link has-text-align-center wp-element-button\" href=\"https:\/\/psychologtradingu.pl\/?page_id=14\">KONTAKT<\/a><\/div>\n<\/div>\n\n\n\n<p><\/p>\n","protected":false},"excerpt":{"rendered":"<p>Konsultacja psychologiczna online &#8211; czas trwania sesji &#8211; 60 minut &#8211; koszt 250 z\u0142 Wi\u0119cej na temat cen us\u0142ug znajdziesz [&hellip;]<\/p>\n","protected":false},"author":1,"featured_media":0,"parent":0,"menu_order":0,"comment_status":"closed","ping_status":"closed","template":"","meta":{"_uag_custom_page_level_css":"","_monsterinsights_skip_tracking":false,"_monsterinsights_sitenote_active":false,"_monsterinsights_sitenote_note":"","_monsterinsights_sitenote_category":0,"site-sidebar-layout":"default","site-content-layout":"","ast-site-content-layout":"default","site-content-style":"default","site-sidebar-style":"default","ast-global-header-display":"","ast-banner-title-visibility":"","ast-main-header-display":"","ast-hfb-above-header-display":"","ast-hfb-below-header-display":"","ast-hfb-mobile-header-display":"","site-post-title":"","ast-breadcrumbs-content":"","ast-featured-img":"","footer-sml-layout":"","ast-disable-related-posts":"","theme-transparent-header-meta":"","adv-header-id-meta":"","stick-header-meta":"","header-above-stick-meta":"","header-main-stick-meta":"","header-below-stick-meta":"","astra-migrate-meta-layouts":"default","ast-page-background-enabled":"default","ast-page-background-meta":{"desktop":{"background-color":"var(--ast-global-color-5)","background-image":"","background-repeat":"repeat","background-position":"center center","background-size":"auto","background-attachment":"scroll","background-type":"","background-media":"","overlay-type":"","overlay-color":"","overlay-opacity":"","overlay-gradient":""},"tablet":{"background-color":"","background-image":"","background-repeat":"repeat","background-position":"center center","background-size":"auto","background-attachment":"scroll","background-type":"","background-media":"","overlay-type":"","overlay-color":"","overlay-opacity":"","overlay-gradient":""},"mobile":{"background-color":"","background-image":"","background-repeat":"repeat","background-position":"center center","background-size":"auto","background-attachment":"scroll","background-type":"","background-media":"","overlay-type":"","overlay-color":"","overlay-opacity":"","overlay-gradient":""}},"ast-content-background-meta":{"desktop":{"background-color":"var(--ast-global-color-4)","background-image":"","background-repeat":"repeat","background-position":"center center","background-size":"auto","background-attachment":"scroll","background-type":"","background-media":"","overlay-type":"","overlay-color":"","overlay-opacity":"","overlay-gradient":""},"tablet":{"background-color":"var(--ast-global-color-4)","background-image":"","background-repeat":"repeat","background-position":"center center","background-size":"auto","background-attachment":"scroll","background-type":"","background-media":"","overlay-type":"","overlay-color":"","overlay-opacity":"","overlay-gradient":""},"mobile":{"background-color":"var(--ast-global-color-4)","background-image":"","background-repeat":"repeat","background-position":"center center","background-size":"auto","background-attachment":"scroll","background-type":"","background-media":"","overlay-type":"","overlay-color":"","overlay-opacity":"","overlay-gradient":""}},"footnotes":""},"class_list":["post-119","page","type-page","status-publish","hentry"],"yoast_head":"<!-- This site is optimized with the Yoast SEO plugin v27.4 - https:\/\/yoast.com\/product\/yoast-seo-wordpress\/ -->\n<title>cennik us\u0142ug psychologicznych<\/title>\n<meta name=\"description\" content=\"Cennik us\u0142ug psychologicznych dla inwestor\u00f3w i trader\u00f3w - psycholog tradingu i trener mentalny Dawid Fr\u0105ckowiak\" \/>\n<meta name=\"robots\" content=\"index, follow, max-snippet:-1, max-image-preview:large, max-video-preview:-1\" \/>\n<link rel=\"canonical\" href=\"https:\/\/psychologtradingu.pl\/?page_id=119\" \/>\n<meta property=\"og:locale\" content=\"pl_PL\" \/>\n<meta property=\"og:type\" content=\"article\" \/>\n<meta property=\"og:title\" content=\"cennik us\u0142ug psychologicznych\" \/>\n<meta property=\"og:description\" content=\"Cennik us\u0142ug psychologicznych dla inwestor\u00f3w i trader\u00f3w - psycholog tradingu i trener mentalny Dawid Fr\u0105ckowiak\" \/>\n<meta property=\"og:url\" content=\"https:\/\/psychologtradingu.pl\/?page_id=119\" \/>\n<meta property=\"article:modified_time\" content=\"2026-02-01T16:15:36+00:00\" \/>\n<meta name=\"twitter:card\" content=\"summary_large_image\" \/>\n<meta name=\"twitter:label1\" content=\"Szacowany czas czytania\" \/>\n\t<meta name=\"twitter:data1\" content=\"1 minuta\" \/>\n<script type=\"application\/ld+json\" class=\"yoast-schema-graph\">{\"@context\":\"https:\\\/\\\/schema.org\",\"@graph\":[{\"@type\":\"WebPage\",\"@id\":\"https:\\\/\\\/psychologtradingu.pl\\\/?page_id=119\",\"url\":\"https:\\\/\\\/psychologtradingu.pl\\\/?page_id=119\",\"name\":\"cennik us\u0142ug psychologicznych\",\"isPartOf\":{\"@id\":\"https:\\\/\\\/psychologtradingu.pl\\\/#website\"},\"datePublished\":\"2026-01-18T17:22:48+00:00\",\"dateModified\":\"2026-02-01T16:15:36+00:00\",\"description\":\"Cennik us\u0142ug psychologicznych dla inwestor\u00f3w i trader\u00f3w - psycholog tradingu i trener mentalny Dawid Fr\u0105ckowiak\",\"breadcrumb\":{\"@id\":\"https:\\\/\\\/psychologtradingu.pl\\\/?page_id=119#breadcrumb\"},\"inLanguage\":\"pl-PL\",\"potentialAction\":[{\"@type\":\"ReadAction\",\"target\":[\"https:\\\/\\\/psychologtradingu.pl\\\/?page_id=119\"]}]},{\"@type\":\"BreadcrumbList\",\"@id\":\"https:\\\/\\\/psychologtradingu.pl\\\/?page_id=119#breadcrumb\",\"itemListElement\":[{\"@type\":\"ListItem\",\"position\":1,\"name\":\"Strona g\u0142\u00f3wna\",\"item\":\"https:\\\/\\\/psychologtradingu.pl\\\/\"},{\"@type\":\"ListItem\",\"position\":2,\"name\":\"CENNIK\"}]},{\"@type\":\"WebSite\",\"@id\":\"https:\\\/\\\/psychologtradingu.pl\\\/#website\",\"url\":\"https:\\\/\\\/psychologtradingu.pl\\\/\",\"name\":\"\",\"description\":\"Strona dotycz\u0105ca pomocy psychologicznej dla inwestor\u00f3w i trader\u00f3w\",\"potentialAction\":[{\"@type\":\"SearchAction\",\"target\":{\"@type\":\"EntryPoint\",\"urlTemplate\":\"https:\\\/\\\/psychologtradingu.pl\\\/?s={search_term_string}\"},\"query-input\":{\"@type\":\"PropertyValueSpecification\",\"valueRequired\":true,\"valueName\":\"search_term_string\"}}],\"inLanguage\":\"pl-PL\"}]}<\/script>\n<!-- \/ Yoast SEO plugin. -->","yoast_head_json":{"title":"cennik us\u0142ug psychologicznych","description":"Cennik us\u0142ug psychologicznych dla inwestor\u00f3w i trader\u00f3w - psycholog tradingu i trener mentalny Dawid Fr\u0105ckowiak","robots":{"index":"index","follow":"follow","max-snippet":"max-snippet:-1","max-image-preview":"max-image-preview:large","max-video-preview":"max-video-preview:-1"},"canonical":"https:\/\/psychologtradingu.pl\/?page_id=119","og_locale":"pl_PL","og_type":"article","og_title":"cennik us\u0142ug psychologicznych","og_description":"Cennik us\u0142ug psychologicznych dla inwestor\u00f3w i trader\u00f3w - psycholog tradingu i trener mentalny Dawid Fr\u0105ckowiak","og_url":"https:\/\/psychologtradingu.pl\/?page_id=119","article_modified_time":"2026-02-01T16:15:36+00:00","twitter_card":"summary_large_image","twitter_misc":{"Szacowany czas czytania":"1 minuta"},"schema":{"@context":"https:\/\/schema.org","@graph":[{"@type":"WebPage","@id":"https:\/\/psychologtradingu.pl\/?page_id=119","url":"https:\/\/psychologtradingu.pl\/?page_id=119","name":"cennik us\u0142ug psychologicznych","isPartOf":{"@id":"https:\/\/psychologtradingu.pl\/#website"},"datePublished":"2026-01-18T17:22:48+00:00","dateModified":"2026-02-01T16:15:36+00:00","description":"Cennik us\u0142ug psychologicznych dla inwestor\u00f3w i trader\u00f3w - psycholog tradingu i trener mentalny Dawid Fr\u0105ckowiak","breadcrumb":{"@id":"https:\/\/psychologtradingu.pl\/?page_id=119#breadcrumb"},"inLanguage":"pl-PL","potentialAction":[{"@type":"ReadAction","target":["https:\/\/psychologtradingu.pl\/?page_id=119"]}]},{"@type":"BreadcrumbList","@id":"https:\/\/psychologtradingu.pl\/?page_id=119#breadcrumb","itemListElement":[{"@type":"ListItem","position":1,"name":"Strona g\u0142\u00f3wna","item":"https:\/\/psychologtradingu.pl\/"},{"@type":"ListItem","position":2,"name":"CENNIK"}]},{"@type":"WebSite","@id":"https:\/\/psychologtradingu.pl\/#website","url":"https:\/\/psychologtradingu.pl\/","name":"","description":"Strona dotycz\u0105ca pomocy psychologicznej dla inwestor\u00f3w i trader\u00f3w","potentialAction":[{"@type":"SearchAction","target":{"@type":"EntryPoint","urlTemplate":"https:\/\/psychologtradingu.pl\/?s={search_term_string}"},"query-input":{"@type":"PropertyValueSpecification","valueRequired":true,"valueName":"search_term_string"}}],"inLanguage":"pl-PL"}]}},"uagb_featured_image_src":{"full":false,"thumbnail":false,"medium":false,"medium_large":false,"large":false,"1536x1536":false,"2048x2048":false,"mailpoet_newsletter_max":false},"uagb_author_info":{"display_name":"psychologtradingu-manager.pl","author_link":"https:\/\/psychologtradingu.pl\/?author=1"},"uagb_comment_info":0,"uagb_excerpt":"Konsultacja psychologiczna online &#8211; czas trwania sesji &#8211; 60 minut &#8211; koszt 250 z\u0142 Wi\u0119cej na temat cen us\u0142ug znajdziesz [&hellip;]","_links":{"self":[{"href":"https:\/\/psychologtradingu.pl\/index.php?rest_route=\/wp\/v2\/pages\/119","targetHints":{"allow":["GET"]}}],"collection":[{"href":"https:\/\/psychologtradingu.pl\/index.php?rest_route=\/wp\/v2\/pages"}],"about":[{"href":"https:\/\/psychologtradingu.pl\/index.php?rest_route=\/wp\/v2\/types\/page"}],"author":[{"embeddable":true,"href":"https:\/\/psychologtradingu.pl\/index.php?rest_route=\/wp\/v2\/users\/1"}],"replies":[{"embeddable":true,"href":"https:\/\/psychologtradingu.pl\/index.php?rest_route=%2Fwp%2Fv2%2Fcomments&post=119"}],"version-history":[{"count":3,"href":"https:\/\/psychologtradingu.pl\/index.php?rest_route=\/wp\/v2\/pages\/119\/revisions"}],"predecessor-version":[{"id":180,"href":"https:\/\/psychologtradingu.pl\/index.php?rest_route=\/wp\/v2\/pages\/119\/revisions\/180"}],"wp:attachment":[{"href":"https:\/\/psychologtradingu.pl\/index.php?rest_route=%2Fwp%2Fv2%2Fmedia&parent=119"}],"curies":[{"name":"wp","href":"https:\/\/api.w.org\/{rel}","templated":true}]}}